{"id":11283,"date":"2025-11-27T11:48:12","date_gmt":"2025-11-27T09:48:12","guid":{"rendered":"https:\/\/www.iespedromunozseca.es\/?page_id=11283"},"modified":"2025-11-27T11:50:42","modified_gmt":"2025-11-27T09:50:42","slug":"programa-zts","status":"publish","type":"page","link":"https:\/\/www.iespedromunozseca.es\/?page_id=11283","title":{"rendered":"PROGRAMA ZTS"},"content":{"rendered":"\n<p><strong>Programa de Atenci\u00f3n Socioeducativa en Zonas con Necesidades de Transformaci\u00f3n Social (ZTS)<\/strong><\/p>\n\n\n\n<p>En nuestro centro, seguimos comprometidos con <strong>garantizar una educaci\u00f3n inclusiva y de calidad<\/strong> para todo nuestro alumnado. Durante el curso 2025\/2026, y en el marco del Programa Operativo del Fondo Social Europeo Plus (FSE+) , implementaremos el <strong>Programa de Atenci\u00f3n Socioeducativa en Zonas con Necesidades de Transformaci\u00f3n Social (ZTS)<\/strong>.<\/p>\n\n\n\n<p>Este programa, impulsado por la Consejer\u00eda de Desarrollo Educativo y Formaci\u00f3n Profesional de la Junta de Andaluc\u00eda , tiene como objetivo principal proporcionar apoyo y recursos adicionales a los estudiantes que se encuentran en situaci\u00f3n de <strong>vulnerabilidad socioeducativa<\/strong>. Su finalidad es asegurar el acceso, la permanencia y el \u00e9xito educativo de este alumnado.<\/p>\n\n\n\n<p>El programa se rige por las <strong>Instrucciones de 10 de septiembre de 2025<\/strong> de la Direcci\u00f3n General de Participaci\u00f3n e Inclusi\u00f3n Educativa.<\/p>\n\n\n\n<hr class=\"wp-block-separator has-alpha-channel-opacity\"\/>\n\n\n\n<p><strong>Objetivos y Recursos<\/strong><\/p>\n\n\n\n<p>Para alcanzar estos fines, el Programa ZTS dota a nuestro centro de <strong>recursos humanos y econ\u00f3micos adicionales<\/strong> y busca:<\/p>\n\n\n\n<ul>\n<li>Favorecer las condiciones necesarias para que el derecho a la educaci\u00f3n se haga efectivo, especialmente en el alumnado en situaci\u00f3n de vulnerabilidad educativa.<\/li>\n\n\n\n<li>Mejorar el acceso, la permanencia y el \u00e9xito educativo del alumnado en situaci\u00f3n o riesgo de exclusi\u00f3n.<\/li>\n\n\n\n<li>Reducir los \u00edndices de absentismo y abandono escolar.<\/li>\n\n\n\n<li>Proporcionar una respuesta educativa adaptada a las necesidades personales y contextuales del alumnado.<\/li>\n\n\n\n<li>Favorecer el desarrollo emocional y acad\u00e9mico del alumnado.<\/li>\n\n\n\n<li>Garantizar una adecuada transici\u00f3n entre etapas educativas.<\/li>\n\n\n\n<li>Reforzar las capacidades organizativas de los centros.<\/li>\n<\/ul>\n\n\n\n<p>Gracias a la dotaci\u00f3n de <strong>personal espec\u00edfico<\/strong> (orientadores y maestros\/profesores de apoyo) , trabajamos bajo el principio de trabajo en equipo y coordinaci\u00f3n con el resto de la comunidad educativa.<\/p>\n\n\n\n<figure class=\"is-layout-flex wp-block-gallery-1 wp-block-gallery has-nested-images columns-default is-cropped\">\n<figure class=\"wp-block-image size-large\"><a href=\"https:\/\/www.iespedromunozseca.es\/wp-content\/uploads\/2025\/11\/Z0.png\"><img decoding=\"async\" loading=\"lazy\" width=\"359\" height=\"464\" data-id=\"11288\"  src=\"https:\/\/www.iespedromunozseca.es\/wp-content\/uploads\/2025\/11\/Z0.png\" alt=\"\" class=\"wp-image-11288\" srcset=\"https:\/\/www.iespedromunozseca.es\/wp-content\/uploads\/2025\/11\/Z0.png 359w, https:\/\/www.iespedromunozseca.es\/wp-content\/uploads\/2025\/11\/Z0-232x300.png 232w, https:\/\/www.iespedromunozseca.es\/wp-content\/uploads\/2025\/11\/Z0-209x270.png 209w\" sizes=\"(max-width: 359px) 100vw, 359px\" \/><\/a><\/figure>\n\n\n\n<figure class=\"wp-block-image size-large\"><a href=\"https:\/\/www.iespedromunozseca.es\/wp-content\/uploads\/2025\/11\/Z1.png\"><img decoding=\"async\" loading=\"lazy\" width=\"355\" height=\"510\" data-id=\"11289\"  src=\"https:\/\/www.iespedromunozseca.es\/wp-content\/uploads\/2025\/11\/Z1.png\" alt=\"\" class=\"wp-image-11289\" srcset=\"https:\/\/www.iespedromunozseca.es\/wp-content\/uploads\/2025\/11\/Z1.png 355w, https:\/\/www.iespedromunozseca.es\/wp-content\/uploads\/2025\/11\/Z1-209x300.png 209w, https:\/\/www.iespedromunozseca.es\/wp-content\/uploads\/2025\/11\/Z1-188x270.png 188w\" sizes=\"(max-width: 355px) 100vw, 355px\" \/><\/a><\/figure>\n<figcaption class=\"blocks-gallery-caption wp-element-caption\"><a href=\"https:\/\/www.iespedromunozseca.es\/wp-content\/uploads\/2025\/11\/Instrucciones_ZTS_25_26_V.4F-1-1.pdf\">INSTRUCCIONES CURSO 2025\/2026<\/a><\/figcaption><\/figure>\n\n\n\n<div style=\"height:100px\" aria-hidden=\"true\" class=\"wp-block-spacer\"><\/div>\n","protected":false},"excerpt":{"rendered":"<p>Programa de Atenci\u00f3n Socioeducativa en Zonas con Necesidades de Transformaci\u00f3n Social (ZTS) En nuestro centro, seguimos comprometidos con garantizar una educaci\u00f3n inclusiva y de calidad para todo nuestro alumnado. Durante el curso 2025\/2026, y en el marco del Programa Operativo del Fondo Social Europeo Plus (FSE+) , implementaremos el Programa de Atenci\u00f3n Socioeducativa en Zonas con Necesidades de Transformaci\u00f3n Social (ZTS). Este programa, impulsado por la Consejer\u00eda de Desarrollo Educativo y Formaci\u00f3n Profesional de la Junta de Andaluc\u00eda , tiene&#8230;<\/p>\n<p class=\"read-more\"><a class=\"btn btn-default\" href=\"https:\/\/www.iespedromunozseca.es\/?page_id=11283\"> Leer m\u00e1s<span class=\"screen-reader-text\">  Leer m\u00e1s<\/span><\/a><\/p>\n","protected":false},"author":3,"featured_media":0,"parent":0,"menu_order":0,"comment_status":"closed","ping_status":"closed","template":"","meta":[],"_links":{"self":[{"href":"https:\/\/www.iespedromunozseca.es\/index.php?rest_route=\/wp\/v2\/pages\/11283"}],"collection":[{"href":"https:\/\/www.iespedromunozseca.es\/index.php?rest_route=\/wp\/v2\/pages"}],"about":[{"href":"https:\/\/www.iespedromunozseca.es\/index.php?rest_route=\/wp\/v2\/types\/page"}],"author":[{"embeddable":true,"href":"https:\/\/www.iespedromunozseca.es\/index.php?rest_route=\/wp\/v2\/users\/3"}],"replies":[{"embeddable":true,"href":"https:\/\/www.iespedromunozseca.es\/index.php?rest_route=%2Fwp%2Fv2%2Fcomments&post=11283"}],"version-history":[{"count":3,"href":"https:\/\/www.iespedromunozseca.es\/index.php?rest_route=\/wp\/v2\/pages\/11283\/revisions"}],"predecessor-version":[{"id":11294,"href":"https:\/\/www.iespedromunozseca.es\/index.php?rest_route=\/wp\/v2\/pages\/11283\/revisions\/11294"}],"wp:attachment":[{"href":"https:\/\/www.iespedromunozseca.es\/index.php?rest_route=%2Fwp%2Fv2%2Fmedia&parent=11283"}],"curies":[{"name":"wp","href":"https:\/\/api.w.org\/{rel}","templated":true}]}}

<p><strong>Programa de Atención Socioeducativa en Zonas con Necesidades de Transformación Social (ZTS)</strong></p>



<p>En nuestro centro, seguimos comprometidos con <strong>garantizar una educación inclusiva y de calidad</strong> para todo nuestro alumnado. Durante el curso 2025/2026, y en el marco del Programa Operativo del Fondo Social Europeo Plus (FSE+) , implementaremos el <strong>Programa de Atención Socioeducativa en Zonas con Necesidades de Transformación Social (ZTS)</strong>.</p>



<p>Este programa, impulsado por la Consejería de Desarrollo Educativo y Formación Profesional de la Junta de Andalucía , tiene como objetivo principal proporcionar apoyo y recursos adicionales a los estudiantes que se encuentran en situación de <strong>vulnerabilidad socioeducativa</strong>. Su finalidad es asegurar el acceso, la permanencia y el éxito educativo de este alumnado.</p>



<p>El programa se rige por las <strong>Instrucciones de 10 de septiembre de 2025</strong> de la Dirección General de Participación e Inclusión Educativa.</p>



<hr class="wp-block-separator has-alpha-channel-opacity"/>



<p><strong>Objetivos y Recursos</strong></p>



<p>Para alcanzar estos fines, el Programa ZTS dota a nuestro centro de <strong>recursos humanos y económicos adicionales</strong> y busca:</p>



<ul>
<li>Favorecer las condiciones necesarias para que el derecho a la educación se haga efectivo, especialmente en el alumnado en situación de vulnerabilidad educativa.</li>



<li>Mejorar el acceso, la permanencia y el éxito educativo del alumnado en situación o riesgo de exclusión.</li>



<li>Reducir los índices de absentismo y abandono escolar.</li>



<li>Proporcionar una respuesta educativa adaptada a las necesidades personales y contextuales del alumnado.</li>



<li>Favorecer el desarrollo emocional y académico del alumnado.</li>



<li>Garantizar una adecuada transición entre etapas educativas.</li>



<li>Reforzar las capacidades organizativas de los centros.</li>
</ul>



<p>Gracias a la dotación de <strong>personal específico</strong> (orientadores y maestros/profesores de apoyo) , trabajamos bajo el principio de trabajo en equipo y coordinación con el resto de la comunidad educativa.</p>



<figure class="is-layout-flex wp-block-gallery-1 wp-block-gallery has-nested-images columns-default is-cropped">
<figure class="wp-block-image size-large"><a href="https://www.iespedromunozseca.es/wp-content/uploads/2025/11/Z0.png"><img decoding="async" loading="lazy" width="359" height="464" data-id="11288"  src="https://www.iespedromunozseca.es/wp-content/uploads/2025/11/Z0.png" alt="" class="wp-image-11288" srcset="https://www.iespedromunozseca.es/wp-content/uploads/2025/11/Z0.png 359w, https://www.iespedromunozseca.es/wp-content/uploads/2025/11/Z0-232x300.png 232w, https://www.iespedromunozseca.es/wp-content/uploads/2025/11/Z0-209x270.png 209w" sizes="(max-width: 359px) 100vw, 359px" /></a></figure>



<figure class="wp-block-image size-large"><a href="https://www.iespedromunozseca.es/wp-content/uploads/2025/11/Z1.png"><img decoding="async" loading="lazy" width="355" height="510" data-id="11289"  src="https://www.iespedromunozseca.es/wp-content/uploads/2025/11/Z1.png" alt="" class="wp-image-11289" srcset="https://www.iespedromunozseca.es/wp-content/uploads/2025/11/Z1.png 355w, https://www.iespedromunozseca.es/wp-content/uploads/2025/11/Z1-209x300.png 209w, https://www.iespedromunozseca.es/wp-content/uploads/2025/11/Z1-188x270.png 188w" sizes="(max-width: 355px) 100vw, 355px" /></a></figure>
<figcaption class="blocks-gallery-caption wp-element-caption"><a href="https://www.iespedromunozseca.es/wp-content/uploads/2025/11/Instrucciones_ZTS_25_26_V.4F-1-1.pdf">INSTRUCCIONES CURSO 2025/2026</a></figcaption></figure>



<div style="height:100px" aria-hidden="true" class="wp-block-spacer"></div>

<p>Programa de Atención Socioeducativa en Zonas con Necesidades de Transformación Social (ZTS) En nuestro centro, seguimos comprometidos con garantizar una educación inclusiva y de calidad para todo nuestro alumnado. Durante el curso 2025/2026, y en el marco del Programa Operativo del Fondo Social Europeo Plus (FSE+) , implementaremos el Programa de Atención Socioeducativa en Zonas con Necesidades de Transformación Social (ZTS). Este programa, impulsado por la Consejería de Desarrollo Educativo y Formación Profesional de la Junta de Andalucía , tiene&#8230;</p>
<p class="read-more"><a class="btn btn-default" href="https://www.iespedromunozseca.es/?page_id=11283"> Leer más<span class="screen-reader-text">  Leer más</span></a></p>
