{"id":11068,"date":"2025-04-24T10:41:44","date_gmt":"2025-04-24T08:41:44","guid":{"rendered":"https:\/\/www.iespedromunozseca.es\/?page_id=11068"},"modified":"2025-04-24T10:41:45","modified_gmt":"2025-04-24T08:41:45","slug":"joyeux-noel","status":"publish","type":"page","link":"https:\/\/www.iespedromunozseca.es\/?page_id=11068","title":{"rendered":"Joyeux No\u00ebl!"},"content":{"rendered":"\n<p>Les \u00e9l\u00e8ves de 2\u00b0ESO, 2\u00b0 Ciclo Agencia de Viajes y 2\u00b0Bachillerato de fran\u00e7ais vous souhaitent JOYEUX NO\u00cbL ET BONNE ANN\u00c9E 2025!!!<\/p>\n\n\n\n<figure class=\"wp-block-image size-large\"><a href=\"https:\/\/www.iespedromunozseca.es\/wp-content\/uploads\/2025\/04\/PHOTO-2024-12-19-16-31-24-1.jpg\"><img decoding=\"async\" loading=\"lazy\" width=\"661\" height=\"1024\" src=\"https:\/\/www.iespedromunozseca.es\/wp-content\/uploads\/2025\/04\/PHOTO-2024-12-19-16-31-24-1-661x1024.jpg\" alt=\"\" class=\"wp-image-11069\" srcset=\"https:\/\/www.iespedromunozseca.es\/wp-content\/uploads\/2025\/04\/PHOTO-2024-12-19-16-31-24-1-661x1024.jpg 661w, https:\/\/www.iespedromunozseca.es\/wp-content\/uploads\/2025\/04\/PHOTO-2024-12-19-16-31-24-1-194x300.jpg 194w, https:\/\/www.iespedromunozseca.es\/wp-content\/uploads\/2025\/04\/PHOTO-2024-12-19-16-31-24-1-768x1190.jpg 768w, https:\/\/www.iespedromunozseca.es\/wp-content\/uploads\/2025\/04\/PHOTO-2024-12-19-16-31-24-1-992x1536.jpg 992w, https:\/\/www.iespedromunozseca.es\/wp-content\/uploads\/2025\/04\/PHOTO-2024-12-19-16-31-24-1-174x270.jpg 174w, https:\/\/www.iespedromunozseca.es\/wp-content\/uploads\/2025\/04\/PHOTO-2024-12-19-16-31-24-1.jpg 1322w\" sizes=\"(max-width: 661px) 100vw, 661px\" \/><\/a><\/figure>\n\n\n\n<figure class=\"wp-block-image size-large\"><a href=\"https:\/\/www.iespedromunozseca.es\/wp-content\/uploads\/2025\/04\/PHOTO-2024-12-19-16-31-24-2.jpg\"><img decoding=\"async\" loading=\"lazy\" width=\"1024\" height=\"812\" src=\"https:\/\/www.iespedromunozseca.es\/wp-content\/uploads\/2025\/04\/PHOTO-2024-12-19-16-31-24-2-1024x812.jpg\" alt=\"\" class=\"wp-image-11070\" srcset=\"https:\/\/www.iespedromunozseca.es\/wp-content\/uploads\/2025\/04\/PHOTO-2024-12-19-16-31-24-2-1024x812.jpg 1024w, https:\/\/www.iespedromunozseca.es\/wp-content\/uploads\/2025\/04\/PHOTO-2024-12-19-16-31-24-2-300x238.jpg 300w, https:\/\/www.iespedromunozseca.es\/wp-content\/uploads\/2025\/04\/PHOTO-2024-12-19-16-31-24-2-768x609.jpg 768w, https:\/\/www.iespedromunozseca.es\/wp-content\/uploads\/2025\/04\/PHOTO-2024-12-19-16-31-24-2-1536x1218.jpg 1536w, https:\/\/www.iespedromunozseca.es\/wp-content\/uploads\/2025\/04\/PHOTO-2024-12-19-16-31-24-2-340x270.jpg 340w, https:\/\/www.iespedromunozseca.es\/wp-content\/uploads\/2025\/04\/PHOTO-2024-12-19-16-31-24-2.jpg 2048w\" sizes=\"(max-width: 1024px) 100vw, 1024px\" \/><\/a><\/figure>\n\n\n\n<figure class=\"wp-block-image size-large\"><a href=\"https:\/\/www.iespedromunozseca.es\/wp-content\/uploads\/2025\/04\/PHOTO-2024-12-19-16-31-24.jpg\"><img decoding=\"async\" loading=\"lazy\" width=\"998\" height=\"1024\" src=\"https:\/\/www.iespedromunozseca.es\/wp-content\/uploads\/2025\/04\/PHOTO-2024-12-19-16-31-24-998x1024.jpg\" alt=\"\" class=\"wp-image-11071\" srcset=\"https:\/\/www.iespedromunozseca.es\/wp-content\/uploads\/2025\/04\/PHOTO-2024-12-19-16-31-24-998x1024.jpg 998w, https:\/\/www.iespedromunozseca.es\/wp-content\/uploads\/2025\/04\/PHOTO-2024-12-19-16-31-24-292x300.jpg 292w, https:\/\/www.iespedromunozseca.es\/wp-content\/uploads\/2025\/04\/PHOTO-2024-12-19-16-31-24-768x788.jpg 768w, https:\/\/www.iespedromunozseca.es\/wp-content\/uploads\/2025\/04\/PHOTO-2024-12-19-16-31-24-1497x1536.jpg 1497w, https:\/\/www.iespedromunozseca.es\/wp-content\/uploads\/2025\/04\/PHOTO-2024-12-19-16-31-24-263x270.jpg 263w, https:\/\/www.iespedromunozseca.es\/wp-content\/uploads\/2025\/04\/PHOTO-2024-12-19-16-31-24.jpg 1621w\" sizes=\"(max-width: 998px) 100vw, 998px\" \/><\/a><\/figure>\n","protected":false},"excerpt":{"rendered":"<p>Les \u00e9l\u00e8ves de 2\u00b0ESO, 2\u00b0 Ciclo Agencia de Viajes y 2\u00b0Bachillerato de fran\u00e7ais vous souhaitent JOYEUX NO\u00cbL ET BONNE ANN\u00c9E 2025!!!<\/p>\n","protected":false},"author":3,"featured_media":0,"parent":0,"menu_order":0,"comment_status":"closed","ping_status":"closed","template":"","meta":[],"_links":{"self":[{"href":"https:\/\/www.iespedromunozseca.es\/index.php?rest_route=\/wp\/v2\/pages\/11068"}],"collection":[{"href":"https:\/\/www.iespedromunozseca.es\/index.php?rest_route=\/wp\/v2\/pages"}],"about":[{"href":"https:\/\/www.iespedromunozseca.es\/index.php?rest_route=\/wp\/v2\/types\/page"}],"author":[{"embeddable":true,"href":"https:\/\/www.iespedromunozseca.es\/index.php?rest_route=\/wp\/v2\/users\/3"}],"replies":[{"embeddable":true,"href":"https:\/\/www.iespedromunozseca.es\/index.php?rest_route=%2Fwp%2Fv2%2Fcomments&post=11068"}],"version-history":[{"count":1,"href":"https:\/\/www.iespedromunozseca.es\/index.php?rest_route=\/wp\/v2\/pages\/11068\/revisions"}],"predecessor-version":[{"id":11072,"href":"https:\/\/www.iespedromunozseca.es\/index.php?rest_route=\/wp\/v2\/pages\/11068\/revisions\/11072"}],"wp:attachment":[{"href":"https:\/\/www.iespedromunozseca.es\/index.php?rest_route=%2Fwp%2Fv2%2Fmedia&parent=11068"}],"curies":[{"name":"wp","href":"https:\/\/api.w.org\/{rel}","templated":true}]}}

Joyeux Noël!

<p>Les élèves de 2°ESO, 2° Ciclo Agencia de Viajes y 2°Bachillerato de français vous souhaitent JOYEUX NOËL ET BONNE ANNÉE 2025!!!</p>



<figure class="wp-block-image size-large"><a href="https://www.iespedromunozseca.es/wp-content/uploads/2025/04/PHOTO-2024-12-19-16-31-24-1.jpg"><img decoding="async" loading="lazy" width="661" height="1024" src="https://www.iespedromunozseca.es/wp-content/uploads/2025/04/PHOTO-2024-12-19-16-31-24-1-661x1024.jpg" alt="" class="wp-image-11069" srcset="https://www.iespedromunozseca.es/wp-content/uploads/2025/04/PHOTO-2024-12-19-16-31-24-1-661x1024.jpg 661w, https://www.iespedromunozseca.es/wp-content/uploads/2025/04/PHOTO-2024-12-19-16-31-24-1-194x300.jpg 194w, https://www.iespedromunozseca.es/wp-content/uploads/2025/04/PHOTO-2024-12-19-16-31-24-1-768x1190.jpg 768w, https://www.iespedromunozseca.es/wp-content/uploads/2025/04/PHOTO-2024-12-19-16-31-24-1-992x1536.jpg 992w, https://www.iespedromunozseca.es/wp-content/uploads/2025/04/PHOTO-2024-12-19-16-31-24-1-174x270.jpg 174w, https://www.iespedromunozseca.es/wp-content/uploads/2025/04/PHOTO-2024-12-19-16-31-24-1.jpg 1322w" sizes="(max-width: 661px) 100vw, 661px" /></a></figure>



<figure class="wp-block-image size-large"><a href="https://www.iespedromunozseca.es/wp-content/uploads/2025/04/PHOTO-2024-12-19-16-31-24-2.jpg"><img decoding="async" loading="lazy" width="1024" height="812" src="https://www.iespedromunozseca.es/wp-content/uploads/2025/04/PHOTO-2024-12-19-16-31-24-2-1024x812.jpg" alt="" class="wp-image-11070" srcset="https://www.iespedromunozseca.es/wp-content/uploads/2025/04/PHOTO-2024-12-19-16-31-24-2-1024x812.jpg 1024w, https://www.iespedromunozseca.es/wp-content/uploads/2025/04/PHOTO-2024-12-19-16-31-24-2-300x238.jpg 300w, https://www.iespedromunozseca.es/wp-content/uploads/2025/04/PHOTO-2024-12-19-16-31-24-2-768x609.jpg 768w, https://www.iespedromunozseca.es/wp-content/uploads/2025/04/PHOTO-2024-12-19-16-31-24-2-1536x1218.jpg 1536w, https://www.iespedromunozseca.es/wp-content/uploads/2025/04/PHOTO-2024-12-19-16-31-24-2-340x270.jpg 340w, https://www.iespedromunozseca.es/wp-content/uploads/2025/04/PHOTO-2024-12-19-16-31-24-2.jpg 2048w" sizes="(max-width: 1024px) 100vw, 1024px" /></a></figure>



<figure class="wp-block-image size-large"><a href="https://www.iespedromunozseca.es/wp-content/uploads/2025/04/PHOTO-2024-12-19-16-31-24.jpg"><img decoding="async" loading="lazy" width="998" height="1024" src="https://www.iespedromunozseca.es/wp-content/uploads/2025/04/PHOTO-2024-12-19-16-31-24-998x1024.jpg" alt="" class="wp-image-11071" srcset="https://www.iespedromunozseca.es/wp-content/uploads/2025/04/PHOTO-2024-12-19-16-31-24-998x1024.jpg 998w, https://www.iespedromunozseca.es/wp-content/uploads/2025/04/PHOTO-2024-12-19-16-31-24-292x300.jpg 292w, https://www.iespedromunozseca.es/wp-content/uploads/2025/04/PHOTO-2024-12-19-16-31-24-768x788.jpg 768w, https://www.iespedromunozseca.es/wp-content/uploads/2025/04/PHOTO-2024-12-19-16-31-24-1497x1536.jpg 1497w, https://www.iespedromunozseca.es/wp-content/uploads/2025/04/PHOTO-2024-12-19-16-31-24-263x270.jpg 263w, https://www.iespedromunozseca.es/wp-content/uploads/2025/04/PHOTO-2024-12-19-16-31-24.jpg 1621w" sizes="(max-width: 998px) 100vw, 998px" /></a></figure>

<p>Les élèves de 2°ESO, 2° Ciclo Agencia de Viajes y 2°Bachillerato de français vous souhaitent JOYEUX NOËL ET BONNE ANNÉE 2025!!!</p>
