{"id":10561,"date":"2024-06-04T20:32:31","date_gmt":"2024-06-04T18:32:31","guid":{"rendered":"https:\/\/www.iespedromunozseca.es\/?page_id=10561"},"modified":"2025-06-17T12:12:39","modified_gmt":"2025-06-17T10:12:39","slug":"ciclos-formativos","status":"publish","type":"page","link":"https:\/\/www.iespedromunozseca.es\/?page_id=10561","title":{"rendered":"CICLOS FORMATIVOS"},"content":{"rendered":"\n<div style=\"height:44px\" aria-hidden=\"true\" class=\"wp-block-spacer\"><\/div>\n\n\n\n<div class=\"is-layout-flex wp-container-3 wp-block-columns\">\n<div class=\"is-layout-flow wp-block-column\">\n<p><mark style=\"background-color:rgba(221, 0, 235, )\" class=\"has-inline-color has-light-green-cyan-color\"><strong><a href=\"https:\/\/www.iespedromunozseca.es\/wp-content\/uploads\/2024\/08\/Turnos-de-los-Ciclos-Formativos-2024-2025.pdf\">TURNOS DE CICLOS FORMATIVOS DE FP<\/a> <\/strong><\/mark><\/p>\n<\/div>\n\n\n\n<div class=\"is-layout-flow wp-block-column\">\n<p><mark style=\"background-color:rgba(221, 0, 235, )\" class=\"has-inline-color has-light-green-cyan-color\"><a href=\"https:\/\/www.iespedromunozseca.es\/wp-content\/uploads\/2024\/08\/CRITERIOS-DE-ASIGNACION-DE-TURNOS-2024-2025.pdf\"><strong>CRITERIOS DE ASIGNACI\u00d3N DE TURNOS <\/strong><\/a><\/p>\n<\/div>\n<\/div>\n\n\n\n<div style=\"height:11px\" aria-hidden=\"true\" class=\"wp-block-spacer\"><\/div>\n\n\n\n<p class=\"has-text-align-left has-white-color has-cyan-bluish-gray-background-color has-text-color has-background\" id=\"block-23c21edf-b84e-4c46-a3a9-7ac36af9b106\"><em><strong>HOSTELER\u00cdA Y TURISMO<\/strong><\/em><\/p>\n\n\n\n<p class=\"has-light-green-cyan-color has-text-color\" id=\"block-8ba31d20-9619-494a-896b-6ee9d20c8c7b\"><a rel=\"noreferrer noopener\" href=\"https:\/\/www.iespedromunozseca.es\/?page_id=10555\" target=\"_blank\"><strong>Pulsa aqu\u00ed para m\u00e1s informaci\u00f3n<\/strong><\/a><\/p>\n\n\n\n<ul>\n<li>&nbsp;&nbsp;C.F.G.S. Gesti\u00f3n de Alojamientos Tur\u00edsticos (HORARIO DE MA\u00d1ANA)<\/li>\n<\/ul>\n\n\n\n<ul>\n<li>&nbsp;&nbsp;C.F.G.S. Agencias de Viajes y Gesti\u00f3n de Eventos (HORARIO DE MA\u00d1ANA)<\/li>\n\n\n\n<li>C.F.G.S. Gu\u00eda, Informaci\u00f3n y Asistencia Tur\u00edstica (HORARIO DE <strong>MA\u00d1ANA<\/strong>)<\/li>\n<\/ul>\n\n\n\n<p><\/p>\n\n\n\n<p><em>Todos los ciclos de Turismo son biling\u00fces ingl\u00e9s.<\/em><\/p>\n\n\n\n<div style=\"height:100px\" aria-hidden=\"true\" class=\"wp-block-spacer\"><\/div>\n\n\n\n<p class=\"has-white-color has-cyan-bluish-gray-background-color has-text-color has-background\" id=\"block-23c21edf-b84e-4c46-a3a9-7ac36af9b106\"><em><strong>SANIDAD<\/strong><\/em><\/p>\n\n\n\n<p class=\"has-light-green-cyan-color has-text-color\"><a rel=\"noreferrer noopener\" href=\"https:\/\/www.iespedromunozseca.es\/?page_id=10552\" data-type=\"URL\" data-id=\"https:\/\/www.iespedromunozseca.es\/?p=10541\" target=\"_blank\"><strong>Pulsa aqu\u00ed para m\u00e1s informaci\u00f3n<\/strong><\/a><\/p>\n\n\n\n<ul>\n<li>&nbsp;&nbsp;&nbsp;&nbsp;<a rel=\"noreferrer noopener\" href=\"https:\/\/youtu.be\/M4bZ3_FzoQQ\" data-type=\"URL\" data-id=\"https:\/\/youtu.be\/M4bZ3_FzoQQ\" target=\"_blank\">C.F.G.M. Cuidados Auxiliares de Enfermer\u00eda<\/a> (HORARIO DE MA\u00d1ANA Y <strong>TARDE<\/strong>)<\/li>\n<\/ul>\n\n\n\n<ul>\n<li>&nbsp;&nbsp;&nbsp;<a rel=\"noreferrer noopener\" href=\"https:\/\/drive.google.com\/file\/d\/1chJ6ZsvGb_VezXcjDF1sqd9fL76e7bd_\/view?usp=sharing\" target=\"_blank\">&nbsp;C.F.G.M. Emergencias Sanitarias<\/a> (HORARIO DE <strong>TARDE<\/strong>)<\/li>\n<\/ul>\n\n\n\n<ul>\n<li>&nbsp;&nbsp;&nbsp;&nbsp;<a rel=\"noreferrer noopener\" href=\"https:\/\/youtu.be\/iqWD62JyEtk\" data-type=\"URL\" data-id=\"https:\/\/youtu.be\/iqWD62JyEtk\" target=\"_blank\">C.F.G.S. Documentaci\u00f3n y Administraci\u00f3n Sanitaria<\/a> (HORARIO DE MA\u00d1ANA Y <strong>TARDE<\/strong>)<\/li>\n<\/ul>\n\n\n\n<ul>\n<li>&nbsp;&nbsp;&nbsp;&nbsp; <a rel=\"noreferrer noopener\" href=\"https:\/\/youtu.be\/P-jRsBe2ds8\" data-type=\"URL\" data-id=\"https:\/\/youtu.be\/P-jRsBe2ds8\" target=\"_blank\">C.F.G.S. Higiene Bucodental<\/a> (HORARIO DE MA\u00d1ANA Y <strong>TARDE<\/strong>)<\/li>\n<\/ul>\n\n\n\n<div style=\"height:100px\" aria-hidden=\"true\" class=\"wp-block-spacer\"><\/div>\n","protected":false},"excerpt":{"rendered":"<p>TURNOS DE CICLOS FORMATIVOS DE FP CRITERIOS DE ASIGNACI\u00d3N DE TURNOS HOSTELER\u00cdA Y TURISMO Pulsa aqu\u00ed para m\u00e1s informaci\u00f3n Todos los ciclos de Turismo son biling\u00fces ingl\u00e9s. SANIDAD Pulsa aqu\u00ed para m\u00e1s informaci\u00f3n<\/p>\n","protected":false},"author":3,"featured_media":0,"parent":0,"menu_order":0,"comment_status":"closed","ping_status":"closed","template":"","meta":[],"_links":{"self":[{"href":"https:\/\/www.iespedromunozseca.es\/index.php?rest_route=\/wp\/v2\/pages\/10561"}],"collection":[{"href":"https:\/\/www.iespedromunozseca.es\/index.php?rest_route=\/wp\/v2\/pages"}],"about":[{"href":"https:\/\/www.iespedromunozseca.es\/index.php?rest_route=\/wp\/v2\/types\/page"}],"author":[{"embeddable":true,"href":"https:\/\/www.iespedromunozseca.es\/index.php?rest_route=\/wp\/v2\/users\/3"}],"replies":[{"embeddable":true,"href":"https:\/\/www.iespedromunozseca.es\/index.php?rest_route=%2Fwp%2Fv2%2Fcomments&post=10561"}],"version-history":[{"count":16,"href":"https:\/\/www.iespedromunozseca.es\/index.php?rest_route=\/wp\/v2\/pages\/10561\/revisions"}],"predecessor-version":[{"id":11207,"href":"https:\/\/www.iespedromunozseca.es\/index.php?rest_route=\/wp\/v2\/pages\/10561\/revisions\/11207"}],"wp:attachment":[{"href":"https:\/\/www.iespedromunozseca.es\/index.php?rest_route=%2Fwp%2Fv2%2Fmedia&parent=10561"}],"curies":[{"name":"wp","href":"https:\/\/api.w.org\/{rel}","templated":true}]}}